. List the prime factors of b.
2, 13, 281
Suppose -5*m = 5*l - 1475, -6*l + 597 = -4*l - 5*m. Let c be 5/(15/(-459)) + -3. Let i = c + l. What are the prime factors of i?
2, 5, 7
Let p be (-26)/(-6)*30/5. Let r(x) = x**2 + 3*x - 7. Let l be r(-5). Suppose -z - 2*i = -p, -3*z + i + l*i + 68 = 0. What are the prime factors of z?
2, 3
Let j(m) = 2*m - 24. Let l be j(13). Let h(f) = 19*f**2 - 3*f + 3*f - 9*f**3 + 2 - 20*f**l. What are the prime factors of h(-1)?
2, 5
Let j(o) = -6*o**3 + 489*o**2 + 190*o + 118. List the prime factors of j(81).
13, 2707
Let f(l) = -2*l + 8. Let u be 3/9 + 20/(-6). Let s be f(u). Suppose h = 2*h - s. List the prime factors of h.
2, 7
Let u(p) = 5*p - 12. Let o(s) = -6*s - 2 + 4*s + 17. Let h be o(-3). What are the prime factors of u(h)?
3, 31
Suppose -5*s - 31269 - 10031 = -33*s. What are the prime factors of s?
5, 59
Suppose 18231 = g + 36*b - 37*b, 5*g - 91191 = -b. List the prime factors of g.
3, 6079
Suppose 2*i - 2*p - 9698 = 0, -i + 2724 = -4*p - 2119. List the prime factors of i.
3, 7, 11
Suppose 44*i - 5*o = 45*i - 11740, 5*i = 4*o + 58845. What are the prime factors of i?
5, 13, 181
Let l(f) = f**3 - 4*f**2 + 2*f - 2. Let h be l(4). Suppose -2*z = -2 - h. What are the prime factors of (-1)/1*(z - 29)?
5
Let x = 3 - 44. Suppose -52 = 4*t - 232. Let v = x + t. List the prime factors of v.
2
Let d(g) = -12*g**3 + g**2 - 9*g - 17. Let o be d(-4). Let z = o + -499. List the prime factors of z.
2, 19
Let a(k) = k**2 - k - 50. Let m be a(0). Let i = m - -61. Let z(g) = g**2 - 7*g + 16. List the prime factors of z(i).
2, 3, 5
Let l(m) = -142*m - 563. Let j be l(-4). Let f(d) be the first derivative of d**4/2 + d**3/3 - 23*d**2/2 + d - 2. What are the prime factors of f(j)?
7, 23
Suppose -22 = 6*f - 82. Suppose -3*g = 5*i + 1, -i - i + 4*g = -f. What are the prime factors of -1 - 968/(-14) - i/7?
2, 17
Let h be (-1 + (-1)/(-1))*(-2)/4. Suppose 3*t + 2*t + 3*b - 458 = h, 5*t - 450 = 5*b. List the prime factors of t.
7, 13
Suppose 14*w + 7*w = 2858 + 43048. What are the prime factors of w?
2, 1093
Let o = 3108 - -3051. What are the prime factors of o?
3, 2053
Suppose 3*j - 37734 = -v, -3*j = 23*v - 19*v - 37752. What are the prime factors of j?
2, 3, 131
Suppose 6*r + 4*u - 12428 = r, 5*r - 5*u - 12455 = 0. List the prime factors of r.
2, 311
Let n = 123 + -118. Suppose -2*k = -n*k + 1197. What are the prime factors of k?
3, 7, 19
Suppose 0 = -2*f - u + 90495, -3*f + 12*u = 16*u - 135735. What are the prime factors of f?
3, 15083
Let s be (-9)/(-6)*(2 + 282/(-9)). List the prime factors of s*1/((-4)/34).
2, 11, 17
Let d be ((-38)/6)/(11/2310*10). Let q = 205 + d. What are the prime factors of q?
2, 3
Let u = 293 - -1455. Let o = 3046 - u. List the prime factors of o.
2, 11, 59
What are the prime factors of (-60)/72 - ((-268054)/12 - (11 - 6))?
2, 11171
Suppose -4*a + 0*t = -3*t - 3624, -16 = -4*t. Suppose -5*z + a = 2*c + 312, 5*c = 5*z + 1405. What are the prime factors of c?
2, 11, 13
Let r(a) = 286 - 271 + 12*a - 5*a. Let p be r(-2). What are the prime factors of (4 + p + -66)/(-1)?
61
Suppose -3*q - 4*n = -1021, 0 = -q + 2*n - 175 + 512. Let t = 102 + q. What are the prime factors of t?
3, 7
Let o(i) = -i**3 - 15*i**2 - i - 13. Let j(w) = -3*w**2 + 7*w - 9. Let d be j(3). Let m be o(d). Let q(t) = 73*t + 7. What are the prime factors of q(m)?
3, 17
Let w(s) = -35*s - 24. Let l be w(-8). Let y = 495 - l. List the prime factors of y.
239
Suppose 8 + 7 = i. Suppose -3*q - 21 = -4*l, 2*l = -3*q - 3*l + 6. List the prime factors of i/((q/(-30))/((-2)/(-3))).
2, 5
Let k(a) = -42*a**2 + 2*a - 7 - 33*a**2 + 74*a**2. Let u be k(-6). What are the prime factors of (-5600)/u + (-2)/(-11)?
2, 3, 17
Let t = -9058 + 13062. List the prime factors of t.
2, 7, 11, 13
Let n = -740 + 2187. What are the prime factors of n?
1447
Suppose -5*u + 4*f - 9 = 0, 0 = 9*u - 5*u - 5*f + 9. List the prime factors of (-61)/u + (48 - 51).
2, 29
Let g be (-1)/(1 - 2) - -5. What are the prime factors of g - (-1274)/((-42)/(-6))?
2, 47
Suppose 4*x + 528 = -2*x. Let r = -115 - x. Let z = 86 - r. What are the prime factors of z?
113
Let u(v) = 2748*v - 586. What are the prime factors of u(2)?
2, 5, 491
Suppose 372 = 7*m - 27. Let i = 2160 + -1095. Suppose -i = -m*f + 52*f. List the prime factors of f.
3, 71
Let p(j) = 1085*j**2 + 53*j - 195. List the prime factors of p(5).
3, 5, 7, 37
Let a(d) = 116*d**2 + 44*d - 37. List the prime factors of a(7).
3, 5, 397
List the prime factors of (27335/(-275))/(7/(-3920)).
2, 7, 71
Let h = -98 - -100. Suppose 0 = s - 0*s + 5*c - 30, 4 = -h*c. Suppose -49*z + 50*z = s. What are the prime factors of z?
2, 5
Suppose -105709 = -5*n - 3*q + 124463, n - 5*q - 46068 = 0. List the prime factors of n.
2, 3, 7673
Suppose 0 = -5*c - 5*b - 8070, 5*c - 16*b = -17*b - 8066. Let n = c - -3090. What are the prime factors of n?
7, 211
Suppose -4*u = 4*o - 448, -2*o + 125 = -2*u + 357. Let w = 311 - u. List the prime factors of w.
197
Let v(x) = -x**2 - 21*x - 35. Let s be v(-19). Suppose 3*a - 3 = 0, 3*t = 4*t - s*a - 107. What are the prime factors of t?
2, 5, 11
Suppose -3*v = t - 6, t - 2*t + 8 = 4*v. Let s = 2991 + -2938. Suppose -w - v*n = -209, 4*w + 2*n - 865 = -s. What are the prime factors of w?
3, 67
Let u = 860 + -4514. What are the prime factors of 21/(840/(-16)) + u/(-10)?
5, 73
Let l(u) = 1937*u + 1328. List the prime factors of l(7).
14887
Let o(z) = -111*z - 43. Let j(m) = -11*m - 17. Let y be j(-1). List the prime factors of o(y).
7, 89
Let c be (18/(-6))/(-11 + 8)*-5. Suppose 5*p - 3*p = 4. What are the prime factors of -9*((-8)/p + c)?
3
Suppose 36*z - 39*z - 3*h + 13869 = 0, -13873 = -3*z + h. List the prime factors of z.
2, 17
Let r be (-67)/(-7) - 40/70. Let h be 190 - (-2)/((-6)/r). Let m = h + -124. List the prime factors of m.
3, 7
Let l(z) = z**3 + 7*z**2 + 7*z + 54. Let c be l(-7). List the prime factors of (-286682)/(-415) + (-4)/c.
2, 3, 5, 23
Let o(s) = -583*s + 15093. List the prime factors of o(-11).
2, 10753
Let x = 29 + -24. Suppose -6 = -g - 3*r, -8 = -3*g - 2*g - 4*r. Suppose -9 = -5*f + 2*o + 11, x*f - 5*o - 20 = g. List the prime factors of f.
2
Suppose -5*f = 5*w - 49935, -4*w - 3*f + 32055 = -7888. What are the prime factors of w?
2, 7, 23, 31
Suppose 20*t - 17*t = -288. Let f = 386 - 608. Let d = t - f. What are the prime factors of d?
2, 3, 7
Let q = -84 - -2229. What are the prime factors of q?
3, 5, 11, 13
Let r be (-14)/(-2) + (21/(-7) - 0). Suppose -r*w = -6*w + 8. Suppose -4*x + 3*h + 211 = 0, 0 = -w*x + 2*h - 5*h + 229. List the prime factors of x.
5, 11
Let f be 4*50/((-9)/((-81)/(-24))). Let l be f - (-42)/56*8/(-2). Let u = l + 308. What are the prime factors of u?
2, 5, 23
Suppose 0 = 15*j - 3*j - 162360. Suppose 34*d - 4*d = j. List the prime factors of d.
11, 41
Let c = 293 + -25. List the prime factors of (-4658)/(-8) - 1 - 67/c.
7, 83
Let i = -30324 + 61475. What are the prime factors of i?
31151
Suppose 10*n - 5*n - 29090 = -3*r, -5*r + 48502 = -n. List the prime factors of r.
2, 5, 97
List the prime factors of (-3 + -7 + 4)*4664/48*-3.
3, 11, 53
Suppose -8*h = 4*h - 2700. Suppose 0 = 234*y - h*y - 5742. What are the prime factors of y?
2, 11, 29
Let y be 4 - (-5 - 43) - -5. Let a(f) = -f**3 - 16*f**2 - 13*f + 20. Let n be a(-15). Let d = y + n. List the prime factors of d.
47
Let l(f) = 7*f**2 + 7*f + 2. Let g be l(-3). List the prime factors of ((-2)/(-12))/(2/g)*60.
2, 5, 11
Let v be (-419)/4 - 12/(-16). Let x be 10/(-45)*-9 + -53. Let l = x - v. What are the prime factors of l?
53
Suppose 0 = -43*f + 41*f + 62. Let m = f + -30. Let l = m + 86. What are the prime factors of l?
3, 29
Let r be (-315)/60*(-3 - 1). Let y(t) be the third derivative of -t**5/60 + 23*t**4/24 + 5*t**3 + t**2. List the prime factors of y(r).
2, 3
Suppose 0 = 504*l - 506*l - 10. List the prime factors of l + 7/7 - -72.
2, 17
Let f be 38/(-323) - 106/(-34). Let t(w) = 49*w**3 + 5*w**2 - 4*w - 7. List the prime factors of t(f).
19, 71
List the prime factors of -3 + 126/54 + (148324/6 - 3).
3, 7, 11, 107
Let b(z) = -z**2 + 15*z + 1. Let h be b(11). Suppose -v = h - 43. What are the prime factors of (9/4)/(v/(-1 - 143))?
2, 3
Let f(o) = -o**3 + 25*o**2 + 27*o - 31. Suppose 2*z = -2*r - r + 78, 2*z